 g(-12) prime?
False
Let f = 8 + -4. Suppose -141 = 87*z - 1185. Is f/(-24) - (-9446)/z prime?
True
Let t(n) = -n**3 + 20*n**2 - 4*n + 82. Let d be t(20). Is 2*d/22 - 791595/(-231) composite?
True
Let d(o) = 15*o - 37. Let i be (0 - -3)*(3 - -7). Suppose v - g + 0 = 6, -5*v + i = 4*g. Is d(v) a composite number?
False
Let h(y) = 334*y**2 + 5*y - 5. Let z be 26/5 + (-128)/(-160). Is h(z) composite?
False
Let n(t) = -893*t**3 + 11*t**2 + 18*t + 193. Is n(-8) a prime number?
False
Suppose 3*f + 7502 = 4*i, 7462 = -3*f - 3*i - i. Suppose -6*n + 26*n - 92940 = 0. Let r = f + n. Is r composite?
False
Let v(k) = -1057*k - 116. Let l = 134 + -159. Is v(l) composite?
False
Let k = -49 - -52. Suppose t = -4, -2*p + 1800 + 572 = k*t. Is ((-2)/4)/(1/p*-2) prime?
False
Suppose -4*l - 3 = 13. Let t be 3 + 5/((-10)/l). Let s(z) = 3*z**2 - 4*z - 4. Is s(t) prime?
False
Let a(h) = -753*h + 156. Let s be a(-7). Suppose 2*i + y - 5437 = -3*i, 4*y = 5*i - s. Is i a composite number?
False
Suppose 37*j - 215 = -6*j. Suppose 607442 = j*x + 17*x. Is x composite?
False
Let t be 11*(25/3 - (-1)/(-3)). Let m be t/16 + (-2)/4. Suppose -f = m*c - 1504 + 224, 3*c + f - 766 = 0. Is c prime?
True
Let t(d) = 111*d**3 - 8*d**2 + 99*d + 27. Is t(7) composite?
True
Let f be ((-36)/(-20) - 1)/((-2)/(-10990)). Suppose -f = -4*p - 3*w - w, -2226 = -2*p + 5*w. Is p a composite number?
False
Let k(z) be the first derivative of z**2 + 18*z - 12. Let l be k(-6). Is l/(-27) - ((-3431)/9 - -2) prime?
True
Let j(u) = 68*u**2 - 3*u + 57. Let s be j(13). Suppose 0 = -3*l + 17923 + s. Is l a prime number?
True
Let t = -373909 + 615026. Is t a prime number?
True
Suppose 5*j + 5*y + 7155 = 0, 3*y + 7185 = -5*j + 4*y. Suppose -3*u = 3, 3*q - u + 728 = -0*u. Let k = q - j. Is k a prime number?
True
Let r = -4695 + 2090. Let s = -1779 - r. Let c = 1113 + s. Is c prime?
False
Suppose -21782590 = -361*i - 3499023. Is i prime?
True
Suppose 4*n - 3*h - 2*h = 8, 5*n = -3*h + 10. Let k be (-3 + 1 + n)/(-1). Suppose k = -3*o - 126 + 1569. Is o prime?
False
Is 55379 - -5*(-18)/(-45) a composite number?
False
Let c(z) = -13*z - 23. Let k(y) = 3*y + 15. Let o be k(-8). Let m be c(o). Suppose -2178 + m = -2*h. Is h composite?
True
Let f(v) = -1485*v - 75. Let g be f(29). Is 6 + (-2 - g - -7) composite?
False
Let a be 20/14 - (-9)/(-21). Let p(x) = x + 1. Let u be p(a). Suppose -u*r = -7*r + 11665. Is r prime?
True
Suppose -3*m + 5*l + 233822 = 0, -6*m + 171648 = -4*l - 295954. Is m prime?
True
Let j = -62072 + 92875. Is j composite?
False
Suppose -4*j + 3*m = -4, 4*j - 4*m - 4 = 4. Let s(l) = -19*l**3 - 3*l - 1. Let n be s(j). Suppose -n = -3*y - c + 200, 2*y = -4*c + 238. Is y prime?
False
Let q = 166 - 163. Suppose -2039 = -q*y + 2*t, y - 315 = t + 365. Is y a prime number?
False
Let c(i) = 3*i**2 - 2396*i + 84. Is c(-113) prime?
False
Let m(v) = v + 5. Let c be m(2). Suppose c*t - 4 = 3. Let d(n) = 35*n**2 - n + 1. Is d(t) a prime number?
False
Suppose -3*h + 5*i + 160422 = 0, 4*i - 333781 = -4*h - 119853. Is h prime?
True
Let i = 79995 - 56564. Is i a prime number?
True
Suppose 5*k - 715700 = 62*x - 59*x, -2*x + 143127 = k. Is k a composite number?
False
Is (306/17 - -204421) + -12 a composite number?
False
Suppose 30*a - 3739665 = 4464045. Is a a prime number?
True
Suppose 0 = -321*d + 348*d - 5481. Is d composite?
True
Suppose 0 = v + 5, -4*v + 28 = 3*h - h. Let l = 103 - h. Is l a composite number?
False
Let a(q) = -29*q - 74 + 69*q - 30*q. Let l be a(6). Let f(r) = -460*r - 7. Is f(l) composite?
True
Let h = -226800 + 584563. Is h a composite number?
True
Let m = 426678 - 133049. Is m composite?
True
Let u(h) = -3798*h + 55. Is u(-6) composite?
True
Let v(j) = -j + 5. Let a be v(12). Is ((-46613)/a - 1) + -5 prime?
True
Let l(h) = 31303*h**3 + 33*h - 33. Is l(1) prime?
False
Let r(x) = 704*x**2 - 41*x - 1. Is r(-2) prime?
True
Let r = 164570 + 174323. Is r a prime number?
True
Suppose 2*w - 441 = 3*h, -1 = -w + 2. Let j = h + 5224. Is j a prime number?
False
Let q = 283002 - -463741. Is q a composite number?
False
Let z = -4632 - -8735. Is z composite?
True
Let f(y) = 636*y - 17. Let w(z) = z**3 - 4*z**2 + 5. Let b = 33 - 29. Let s be w(b). Is f(s) prime?
True
Suppose 0*d = 13*d - 65. Suppose -4*a + j - d*j + 388 = 0, 0 = -2*a + 2*j + 194. Is a a prime number?
True
Suppose -z - 5 = -c + 3, -c + 2 = z. Suppose 0 = -5*n, -c*q = 3*n + 41 + 8639. Let u = q + 2475. Is u composite?
False
Suppose -90*c + 9464734 = -28*c. Is c a composite number?
False
Let s(l) = -l**2 - 5*l - 1. Let i be s(-2). Suppose 2*a + i*p = 2179, 4*a + 0*p = 4*p + 4428. Let k = -423 + a. Is k a prime number?
False
Let m = -334494 + 773155. Is m a composite number?
False
Suppose 0*n + 3*n - 5*l = 22, -5*n + 2*l + 24 = 0. Suppose -j - 5*u + 434 - 41 = 0, 0 = n*u. Is j a prime number?
False
Let u(p) = 4*p + 11. Let n be u(-8). Let c = 17 + n. Is 162 + 4 + -4 + c a composite number?
True
Let d be ((-9)/2 - -3)*14/3. Let r(q) = -287*q + 18. Let j be r(d). Suppose 5*z - 1698 = j. Is z a prime number?
False
Suppose 0*i = i - 51. Let v = i + -50. Is ((-3)/v)/((-6)/312) + 1 a composite number?
False
Let s(x) = -8*x - 20. Suppose y + y + 8 = 0. Let m be s(y). Suppose -212 = -m*a + 8*a. Is a a composite number?
False
Let x(c) = 2*c - 10. Let y be x(7). Suppose y*r + 29 = -3*i, 4*r - 3*i + 0 = -11. Is (r - 1409 - 0)/(-2) composite?
True
Is (-4686435)/(-165) + (-68)/(-187) a prime number?
True
Let v = 5665 - -17489. Suppose 5*s - 9874 - 13296 = -4*b, -4*b + 3*s = -v. Let w = b - 3695. Is w a composite number?
True
Let h = 663115 - 453582. Is h a composite number?
False
Suppose -15 = 5*y, 15*f = 10*f + y + 149588. Is f prime?
True
Suppose 46062 = 5*w + 12767. Suppose -w - 27191 = -10*v. Is v a prime number?
False
Suppose -1524467 = -57*h + 5808754. Is h a prime number?
False
Let g = 827 + -813. Suppose -244669 = -g*x + 43759. Is x prime?
False
Let r(x) = -4147*x**3 - 22*x**2 - 8*x + 3. Is r(-4) composite?
False
Let w be (-18 - (-3)/1)*(-94)/1. Suppose -4*c + 4*u + w - 6462 = 0, 2*c + 2502 = -4*u. Let p = 108 - c. Is p prime?
True
Let c(i) = 45*i**2 + 240*i + 146. Is c(51) a composite number?
True
Let t(r) = -36*r**2 + 19*r**2 - 8 - 7*r + 16*r**2. Let w be t(-5). Suppose w*p - 11 = -m, -p + 0*m + 18 = 3*m. Is p composite?
False
Let v = 1803880 - 533649. Is v prime?
True
Suppose 17*c - c = 176. Suppose 6*f = 2*i + c*f - 3371, -5*i + 8480 = -5*f. Is i composite?
False
Let w = 34757 + -20238. Is w prime?
True
Let v = -2599 - 35949. Is ((12/(-4))/(-3))/((-4)/v) a prime number?
False
Let j = 109125 - 74491. Suppose 17310 = 2*m + 4*r, -r + j = 4*m - 0*r. Is m a prime number?
False
Suppose -5*k + 4*t + 1033775 = 0, k = -2*k + 4*t + 620265. Is k a prime number?
False
Let f(d) = -991*d - 126. Let o be f(11). Let r = o - -26218. Is r a composite number?
True
Suppose -c + 8*a = -59099, -149*c + 147*c + 118217 = 3*a. Is c prime?
True
Let d = 42076 - -126301. Is d composite?
True
Let b be (-418)/44*4/2. Suppose z - 3*y = 96, -5*z + 0*y = -3*y - 528. Let c = z - b. Is c prime?
True
Let z be -2 + 1 + (8 + 3 - 7). Is (-2 - 3)/(-1) - z*-4168 prime?
False
Let w(k) = -k**2 - 12*k + 10. Let q be w(-12). Suppose -30 = 2*b + q. Let u(j) = -j**3 - 19*j**2 + 6*j + 37. Is u(b) a composite number?
False
Suppose -7897 = -3*i + m, 0*i = 5*i - 3*m - 13159. Suppose -a + 4036 = -78*f + 82*f, 0 = a - 4*f - 4028. Let t = a - i. Is t a prime number?
True
Suppose -8*v + 93123 = -113525. Is v composite?
True
Let i(p) = 304*p**2 - 7*p + 20. Is i(7) composite?
False
Let u = -186 - -68. Let m = u + 1527. Is m prime?
True
Let n(v) = v**2 - 11*v - 7. Let w be n(11). Is (-2)/w + (-570180)/(-140) a composite number?
False
Let a(o) = -o**2 + 3*o + 22. Let r be a(6). Let m(h) be the third derivative of 41*h**5/60 + h**4/8 + 5*h**3/6 - 7*h**2. Is m(r) composite?
False
Suppose -34*k + 134*k - 18119780 = -4883880. Is k a composite number?
True
Let q = -84 - -79. Let g be (-1 + 3)*(-1 + 4 + q). Is 168 + (2 - g) + 6/2 prime?
False
Suppose 3*m - 11138 = m. Let h = -2160 + m. Suppose -5*y = 4*v - 3399, -4*v + 0*y = -5*y - h. Is v prime?
False
Let d be (-4 + -4)*-1 - -20. Suppose d*r = -22596 + 203168. Is r composite?
False
Let t be (4/1 - 95587)*(-4)/6. Suppose 15*h - t = 22573. Is h composit